 common divisor of r and 5?
5
Let h be ((-1)/(-1) - -2)*(-14)/(-21). Suppose 2*q - h = 0, -4*f - 6 = -f - 3*q. Let d be 218/6 + (f/3 - 0). What is the greatest common factor of 288 and d?
36
Suppose -3*m - 1884 = -3*s - 0*s, 0 = 4*m - 8. Let a be (-3 + 2 - 4)/((-3)/3) - -25. Calculate the highest common factor of s and a.
30
Suppose -l = -3548*v + 3543*v + 656, -4*v = -5*l - 550. What is the highest common divisor of 3952 and v?
26
Let k be 5/((1/1)/9). Let v = -27 + 29. Suppose 0 = -2*o - 4, -v*a + 4*o = -3 - 41. What is the greatest common factor of k and a?
9
Let h(y) = 5*y + 26. Let t(u) = -u**2 - 6*u + 11. Let f be t(-8). Let m be h(f). Let a be (-7)/(-3) - (-4)/6. Calculate the highest common divisor of a and m.
1
Let g(m) = 163*m + 9474. Let r be g(-58). Let w = -682 + 972. Suppose -2*j + w = a + 2*a, 0 = -5*a + j + 505. Calculate the highest common factor of r and a.
20
Let r(h) = h**3 - 8*h**2 + 8*h + 2. Let o be r(7). Let q(u) = -o + 4 + 31*u + 11. Let w be q(3). What is the greatest common factor of w and 66?
33
Let r be 46/2 + (0 - 0). Let m be 130 + -8 + 5 - -3. Suppose -2*s = 2*t - 73 + 17, 3*t = -5*s + m. Calculate the greatest common factor of r and s.
23
Let l(n) = -n**3 + 6*n**2 + 3*n - 3. Let y be l(6). Suppose 4468 = 10*h + 718. Let m be (-4)/6*h/(-10). What is the highest common divisor of m and y?
5
Suppose 127 = p + 5*q, 9*p - 10*p = 2*q - 124. Suppose 9*k + 4*f - 92 = 5*k, 5*k - 2*f = p. Calculate the highest common factor of 16 and k.
8
Let j be (-1)/6*-8*(-150)/(-4). Suppose -2*h + 5*i + 64 + 6 = 0, -2*h = -4*i - 68. Let a = 50 - h. Calculate the highest common factor of a and j.
10
Let r = 9516 - 9318. Let o(i) = 21*i**2 + i. Let z be o(1). Calculate the greatest common factor of r and z.
22
Let d = -8901 - -8987. Calculate the greatest common divisor of d and 3182.
86
Suppose 72 = 4*q + 14*q. Suppose 0 = -l + 3*z + 6, 12 = q*l - 4*z - 28. What is the greatest common divisor of 54 and l?
6
Let d(w) = -w**3 - 58*w**2 + 1363*w + 138. Let l be d(-76). Calculate the highest common factor of l and 126.
14
Suppose -4*v - 83 = -4*r - v, -4*r - 2*v = -78. Let i be 4/10*(1 + -31). Let l be (-50)/(39/i + 3). Calculate the greatest common factor of r and l.
20
Let b be (-277)/(-3) - (-2)/3. Let j(w) = 3*w**2 - 56*w + 3. Let g be j(15). Let c = g - -193. What is the highest common factor of c and b?
31
Let b = 11772 + -9304. What is the greatest common factor of b and 2?
2
Let v be 3/12 - 41/4. Let a = v + 52. Let n = 1807 + -1744. What is the greatest common factor of a and n?
21
Suppose 2*y - 380 = -3*y. Suppose -16*o + 13*o + c = -19, 5*c = -35. Calculate the greatest common factor of y and o.
4
Let m be 24/108 + (-10416)/(-27) + 1. Let k = m + -381. Calculate the highest common divisor of 8 and k.
2
Let s(a) be the third derivative of -a**6/60 + 47*a**5/60 - 5*a**4/8 - 22*a**3/3 + 3*a**2 + 10. Let c be s(23). What is the greatest common factor of c and 168?
28
Let c = -112 + 73. Let i be 1 - c - 11/11. Suppose -g = -3*y + 57 - 10, -y + 5*g = -i. What is the highest common factor of 42 and y?
14
Suppose -i - 611 = -4*t, -34 = i - 39. Calculate the greatest common factor of 902 and t.
22
Let u(j) = j**3 + 8*j**2 - 19*j + 6. Let s(i) = -i**3. Let d(g) = -2*s(g) - u(g). Let h be d(6). Calculate the greatest common divisor of 9 and h.
9
Let a be 12 - 11 - 70/(-14) - 2. Suppose 4*t - 5*g - 436 = -48, -2*t - 3*g = -172. Calculate the greatest common factor of t and a.
4
Let w = 513 + -221. Let v = -266 + w. What is the highest common divisor of v and 234?
26
Suppose 4*r = -5*j + 173 + 45, 166 = 4*j - r. Let p = 72 - 58. What is the highest common factor of j and p?
14
Let o = -2996 + 3046. Let a be (-21)/((8/100)/(-2)). Calculate the highest common divisor of a and o.
25
Let v = 10 - 0. Let u be 6 - ((-4)/(-1) - 1). Suppose -i = r, -12*r + 30 = -9*r - u*i. Calculate the greatest common factor of r and v.
5
Let o be (720/8)/((-2)/2 - 0). Let w be 6/((3 - 5)/o). Calculate the greatest common factor of w and 10.
10
Let u = -69 + 83. Let f be 8/u + (-106)/14. Let m(d) = -2*d**3 - 8*d**2 + 7*d. Let b be m(f). Calculate the greatest common factor of b and 35.
35
Let u be (11/(-3))/(2/(-6)). Let c = u - 7. Suppose 0 = -150329*q + 150344*q - 51 - 9. Calculate the highest common factor of c and q.
4
Let z = 84 - 84. Suppose z = -3*u - 5*h + 94, -2*u + 7*u - 162 = -3*h. Calculate the greatest common factor of u and 363.
33
Let f be 15/2 + 2/(-4). Let y = -118 + 156. Suppose -y*c + 700 = -13*c. Calculate the highest common factor of f and c.
7
Let t = 206368 - 206352. Let c(x) = 16*x**2 - 2*x - 2. Let n be c(-5). Calculate the greatest common factor of t and n.
8
Let h = -1138 - -1144. Calculate the greatest common divisor of h and 864.
6
Let b be 3 + 27*-14 + 4 + -5. Let y = 401 + b. Calculate the highest common divisor of 175 and y.
25
Let m be (-9)/(-6)*(-64)/(-6) + -1. Let s be 3/m + (-5336)/(-145). What is the highest common divisor of 37 and s?
37
Suppose 10 = 3*t - 2. Suppose 0*d = -2*a + t*d + 84, -3*a = 2*d - 86. Let z be (3 - (-132)/20)*60/2. Calculate the greatest common divisor of a and z.
32
Suppose -7446 = -49*v + 15*v. Suppose -10*u + 21 + 9 = 0. Calculate the greatest common factor of u and v.
3
Let x be (3/12 - 1)/((-1)/(-8)). Let s be ((-4)/12 + 19/x)*-2. Suppose -8*u + s*u = -27. Calculate the greatest common divisor of 135 and u.
27
Let i be ((-11264)/32)/((-8)/132). Calculate the greatest common factor of i and 66.
66
Let g be 54/13 - (-1 - 30/(-26)). Let r(l) = 31 + g*l + 6 - 11. Let s be r(-3). Calculate the greatest common factor of s and 14.
14
Suppose -20*v - 45 = -185. Suppose 5*m = v*m - 20. Calculate the greatest common factor of m and 5.
5
Let v(u) = 4*u**2 - 505*u - 3069. Let q be v(-6). Calculate the highest common divisor of q and 9240.
105
Let b be (-35512)/(-52) + 876/(-949). Calculate the greatest common divisor of b and 3286.
62
Suppose 2*w = 3*g + 293, 71*w - 66*w = -2*g + 780. What is the highest common factor of 11319 and w?
77
Let b = -2660 - -2679. What is the highest common divisor of b and 1919?
19
Let p be 94/((-27824)/(-27565)) - ((-6)/16)/(-3). Calculate the greatest common divisor of p and 129.
3
Let t be -3 + (-3)/(0 - 9/33). Suppose 0 = -2*r + o + 73, 6*r = 2*r - 2*o + 142. Calculate the greatest common divisor of t and r.
4
Let b = 198 + -195. Suppose 0 = z - b*w - 534, -2*z = 6*w - 8*w - 1056. What is the highest common divisor of 21 and z?
21
Suppose -7*h + 99*h = 7728. What is the greatest common divisor of 4452 and h?
84
Let z = 1222 + -681. Suppose -2*v + i + 185 = 0, -5*i - 206 + z = 4*v. What is the greatest common factor of 18 and v?
18
Let w = 13077 - 13053. Calculate the greatest common divisor of w and 45048.
24
Suppose 0 = 4*f - 2*j - 12462, -20*f + 4*j + 9344 = -17*f. Calculate the highest common divisor of f and 82.
82
Let l be 6*(-2 - 16/(-3)). Let n(c) = -24*c**3 - 4*c**2 + 49*c + 155. Let a be n(-3). What is the highest common divisor of l and a?
20
Let m be (-190 + 195)/(5/3). Let q be 5 - (-1)/2*-4. Calculate the highest common divisor of q and m.
3
Let p(j) = 41*j**2 + 31*j + 60. Let u be p(-2). Suppose 3*s - 19 = -5*f - 4, 4*s + 8 = -2*f. Calculate the highest common factor of u and f.
6
Suppose 8 = -1401*f + 1402*f. Let a be 6/10 + 4136/40. Calculate the greatest common factor of f and a.
8
Let p be ((-175)/(-14) - 17)/((-2)/56). Suppose -16 = -b - 5*d + 4*d, 0 = 2*b - 4*d - 44. What is the highest common factor of p and b?
18
Let f be -4 - (-208)/48 - (-82)/6. Suppose -f*m = -0*m - 630. Let w(y) = 3*y**2 - y + 1. Let a be w(4). What is the greatest common factor of m and a?
45
Suppose -7*z = 8 - 29. Suppose 45*x = 42*x + z. Let k be 3 + 8 + (x - 4). Calculate the highest common divisor of 40 and k.
8
Let h = -16706 + 16761. What is the highest common divisor of h and 737?
11
Let y(z) = 3*z**3 + 13*z**2 - 15*z + 84. Let i be y(7). Calculate the highest common factor of i and 35.
35
Suppose 2*a = 2*m + 1 - 9, a = 2*m - 3. Let u(g) = -2*g**3 + g. Let p be u(m). Let w = 3 + p. What is the highest common divisor of 1 and w?
1
Let i(f) = 10*f**2 + f + 1. Suppose -q + 1 = -1. Let c be i(q). Let l = -1738 + 1824. What is the highest common factor of l and c?
43
Suppose -29